{"id":20,"date":"2026-09-01T18:43:15","date_gmt":"2026-09-01T18:43:15","guid":{"rendered":"https:\/\/la-logistica.it\/?page_id=20"},"modified":"2026-09-01T19:36:50","modified_gmt":"2026-09-01T19:36:50","slug":"elementor-20","status":"publish","type":"page","link":"https:\/\/la-logistica.it\/","title":{"rendered":"La logistica"},"content":{"rendered":"\t\t<div data-elementor-type=\"wp-page\" data-elementor-id=\"20\" class=\"elementor elementor-20\">\n\t\t\t\t<div class=\"elementor-element elementor-element-84aea42 e-con-full e-flex e-con e-parent\" data-id=\"84aea42\" data-element_type=\"container\" data-e-type=\"container\" data-settings=\"{&quot;background_background&quot;:&quot;gradient&quot;}\">\n\t\t\t\t<div class=\"elementor-element elementor-element-e95a917 elementor-widget elementor-widget-text-editor\" data-id=\"e95a917\" data-element_type=\"widget\" data-e-type=\"widget\" data-widget_type=\"text-editor.default\">\n\t\t\t\t\t\t\t\t\t<p>Sito in fase di aggiornamento<\/p>\t\t\t\t\t\t\t\t<\/div>\n\t\t\t\t<div class=\"elementor-element elementor-element-6313f00 elementor-widget__width-initial elementor-widget elementor-widget-text-editor\" data-id=\"6313f00\" data-element_type=\"widget\" data-e-type=\"widget\" data-widget_type=\"text-editor.default\">\n\t\t\t\t\t\t\t\t\t<p>Il nostro sito \u00e8 attualmente in fase di aggiornamento. Stiamo lavorando per tornare online al pi\u00f9 presto.<a style=\"color: #ffffff;\" href=\"https:\/\/inrec.intervieweb.it\/lalogistica\/it\/career\"><br \/>\u00c8 possibile consultare le posizioni aperte <strong>cliccando qui.<\/strong><\/a><\/p>\t\t\t\t\t\t\t\t<\/div>\n\t\t<div class=\"elementor-element elementor-element-10739d7 e-grid e-con-boxed e-con e-child\" data-id=\"10739d7\" data-element_type=\"container\" data-e-type=\"container\">\n\t\t\t\t\t<div class=\"e-con-inner\">\n\t\t\t\t<div class=\"elementor-element elementor-element-b4d98a0 elementor-widget elementor-widget-text-editor\" data-id=\"b4d98a0\" data-element_type=\"widget\" data-e-type=\"widget\" data-widget_type=\"text-editor.default\">\n\t\t\t\t\t\t\t\t\t<p>\u00a0 <a style=\"color: #ffffff;\" href=\"https:\/\/inrec.intervieweb.it\/lalogistica\/it\/career\"><strong>LAVORA CON NOI<\/strong><\/a>\u00a0 \u00a0\u00a0<\/p>\t\t\t\t\t\t\t\t<\/div>\n\t\t\t\t<div class=\"elementor-element elementor-element-c53721e elementor-widget elementor-widget-text-editor\" data-id=\"c53721e\" data-element_type=\"widget\" data-e-type=\"widget\" data-widget_type=\"text-editor.default\">\n\t\t\t\t\t\t\t\t\t<a style=\"color: #ffffff;\" href=\"mailto:info@lalogistica.it\">CONTATTACI\n<\/a>\t\t\t\t\t\t\t\t<\/div>\n\t\t\t\t\t<\/div>\n\t\t\t\t<\/div>\n\t\t\t\t<div class=\"elementor-element elementor-element-6046da5 elementor-widget elementor-widget-image\" data-id=\"6046da5\" data-element_type=\"widget\" data-e-type=\"widget\" data-widget_type=\"image.default\">\n\t\t\t\t\t\t\t\t\t\t\t\t\t\t\t<img fetchpriority=\"high\" decoding=\"async\" width=\"2172\" height=\"724\" src=\"https:\/\/la-logistica.it\/wp-content\/uploads\/2026\/09\/lalogistica_logo.png\" class=\"attachment-full size-full wp-image-29\" alt=\"\" srcset=\"https:\/\/la-logistica.it\/wp-content\/uploads\/2026\/09\/lalogistica_logo.png 2172w, https:\/\/la-logistica.it\/wp-content\/uploads\/2026\/09\/lalogistica_logo-300x100.png 300w, https:\/\/la-logistica.it\/wp-content\/uploads\/2026\/09\/lalogistica_logo-1024x341.png 1024w, https:\/\/la-logistica.it\/wp-content\/uploads\/2026\/09\/lalogistica_logo-768x256.png 768w, https:\/\/la-logistica.it\/wp-content\/uploads\/2026\/09\/lalogistica_logo-1536x512.png 1536w, https:\/\/la-logistica.it\/wp-content\/uploads\/2026\/09\/lalogistica_logo-2048x683.png 2048w\" sizes=\"(max-width: 2172px) 100vw, 2172px\" \/>\t\t\t\t\t\t\t\t\t\t\t\t\t\t\t<\/div>\n\t\t\t\t<div class=\"elementor-element elementor-element-6c9cfa9 elementor-widget elementor-widget-text-editor\" data-id=\"6c9cfa9\" data-element_type=\"widget\" data-e-type=\"widget\" data-widget_type=\"text-editor.default\">\n\t\t\t\t\t\t\t\t\t<span style=\"color: #fffff;\">\n\u00a9 2026 La Logistica S.r.l. | Tel. +39 080 946 6000 | E-mail: info@lalogistica.it | Via Foggazzaro N.C 70043 &#8211; MONOPOLI (BA)<\/span>\t\t\t\t\t\t\t\t<\/div>\n\t\t\t\t<\/div>\n\t\t\t\t<\/div>\n\t\t","protected":false},"excerpt":{"rendered":"<p>Sito in fase di aggiornamento Il nostro sito \u00e8 attualmente in fase di aggiornamento. Stiamo lavorando per tornare online al pi\u00f9 presto.\u00c8 possibile consultare le posizioni aperte cliccando qui. \u00a0 LAVORA CON NOI\u00a0 \u00a0\u00a0 CONTATTACI \u00a9 2026 La Logistica S.r.l. | Tel. +39 080 946 6000 | E-mail: info@lalogistica.it | Via Foggazzaro N.C 70043 &#8211; [&hellip;]<\/p>\n","protected":false},"author":1,"featured_media":0,"parent":0,"menu_order":0,"comment_status":"closed","ping_status":"closed","template":"","meta":{"footnotes":""},"class_list":["post-20","page","type-page","status-publish","hentry"],"_links":{"self":[{"href":"https:\/\/la-logistica.it\/index.php?rest_route=\/wp\/v2\/pages\/20","targetHints":{"allow":["GET"]}}],"collection":[{"href":"https:\/\/la-logistica.it\/index.php?rest_route=\/wp\/v2\/pages"}],"about":[{"href":"https:\/\/la-logistica.it\/index.php?rest_route=\/wp\/v2\/types\/page"}],"author":[{"embeddable":true,"href":"https:\/\/la-logistica.it\/index.php?rest_route=\/wp\/v2\/users\/1"}],"replies":[{"embeddable":true,"href":"https:\/\/la-logistica.it\/index.php?rest_route=%2Fwp%2Fv2%2Fcomments&post=20"}],"version-history":[{"count":67,"href":"https:\/\/la-logistica.it\/index.php?rest_route=\/wp\/v2\/pages\/20\/revisions"}],"predecessor-version":[{"id":103,"href":"https:\/\/la-logistica.it\/index.php?rest_route=\/wp\/v2\/pages\/20\/revisions\/103"}],"wp:attachment":[{"href":"https:\/\/la-logistica.it\/index.php?rest_route=%2Fwp%2Fv2%2Fmedia&parent=20"}],"curies":[{"name":"wp","href":"https:\/\/api.w.org\/{rel}","templated":true}]}}

<div data-elementor-type="wp-page" data-elementor-id="20" class="elementor elementor-20">
				<div class="elementor-element elementor-element-84aea42 e-con-full e-flex e-con e-parent" data-id="84aea42" data-element_type="container" data-e-type="container" data-settings="{&quot;background_background&quot;:&quot;gradient&quot;}">
				<div class="elementor-element elementor-element-e95a917 elementor-widget elementor-widget-text-editor" data-id="e95a917" data-element_type="widget" data-e-type="widget" data-widget_type="text-editor.default">
									<p>Sito in fase di aggiornamento</p>								</div>
				<div class="elementor-element elementor-element-6313f00 elementor-widget__width-initial elementor-widget elementor-widget-text-editor" data-id="6313f00" data-element_type="widget" data-e-type="widget" data-widget_type="text-editor.default">
									<p>Il nostro sito è attualmente in fase di aggiornamento. Stiamo lavorando per tornare online al più presto.<a style="color: #ffffff;" href="https://inrec.intervieweb.it/lalogistica/it/career"><br />È possibile consultare le posizioni aperte <strong>cliccando qui.</strong></a></p>								</div>
		<div class="elementor-element elementor-element-10739d7 e-grid e-con-boxed e-con e-child" data-id="10739d7" data-element_type="container" data-e-type="container">
					<div class="e-con-inner">
				<div class="elementor-element elementor-element-b4d98a0 elementor-widget elementor-widget-text-editor" data-id="b4d98a0" data-element_type="widget" data-e-type="widget" data-widget_type="text-editor.default">
									<p>  <a style="color: #ffffff;" href="https://inrec.intervieweb.it/lalogistica/it/career"><strong>LAVORA CON NOI</strong></a>    </p>								</div>
				<div class="elementor-element elementor-element-c53721e elementor-widget elementor-widget-text-editor" data-id="c53721e" data-element_type="widget" data-e-type="widget" data-widget_type="text-editor.default">
									<a style="color: #ffffff;" href="mailto:info@lalogistica.it">CONTATTACI
</a>								</div>
					</div>
				</div>
				<div class="elementor-element elementor-element-6046da5 elementor-widget elementor-widget-image" data-id="6046da5" data-element_type="widget" data-e-type="widget" data-widget_type="image.default">
															<img fetchpriority="high" decoding="async" width="2172" height="724" src="https://la-logistica.it/wp-content/uploads/2026/09/lalogistica_logo.png" class="attachment-full size-full wp-image-29" alt="" srcset="https://la-logistica.it/wp-content/uploads/2026/09/lalogistica_logo.png 2172w, https://la-logistica.it/wp-content/uploads/2026/09/lalogistica_logo-300x100.png 300w, https://la-logistica.it/wp-content/uploads/2026/09/lalogistica_logo-1024x341.png 1024w, https://la-logistica.it/wp-content/uploads/2026/09/lalogistica_logo-768x256.png 768w, https://la-logistica.it/wp-content/uploads/2026/09/lalogistica_logo-1536x512.png 1536w, https://la-logistica.it/wp-content/uploads/2026/09/lalogistica_logo-2048x683.png 2048w" sizes="(max-width: 2172px) 100vw, 2172px" />															</div>
				<div class="elementor-element elementor-element-6c9cfa9 elementor-widget elementor-widget-text-editor" data-id="6c9cfa9" data-element_type="widget" data-e-type="widget" data-widget_type="text-editor.default">
									<span style="color: #fffff;">
© 2026 La Logistica S.r.l. | Tel. +39 080 946 6000 | E-mail: info@lalogistica.it | Via Foggazzaro N.C 70043 &#8211; MONOPOLI (BA)</span>								</div>
				</div>
				</div>

<p>Sito in fase di aggiornamento Il nostro sito è attualmente in fase di aggiornamento. Stiamo lavorando per tornare online al più presto.È possibile consultare le posizioni aperte cliccando qui.   LAVORA CON NOI     CONTATTACI © 2026 La Logistica S.r.l. | Tel. +39 080 946 6000 | E-mail: info@lalogistica.it | Via Foggazzaro N.C 70043 &#8211; [&hellip;]</p>
